187. Suppose 3*d = t*k - 11255, 0*k = -k + 3*d + 2816. Is k a prime number?
False
Suppose 2*y = -64 + 74. Suppose 0 = -4*h - 20, -4*k - 3*h + y*h = -26. Suppose -2*z = -2*x - 958, 1437 = k*z - z - 2*x. Is z a prime number?
True
Let n(g) = -2*g**2 - 12*g - 5. Let p be n(-5). Suppose -4*x + 11307 = p*v, -1333 - 7141 = -3*x - 5*v. Is x a prime number?
True
Let k(f) = 10*f**3 - 2*f**2 + 38*f - 349. Is k(9) a composite number?
False
Let z(v) = 99*v**2 + 169*v + 133. Is z(-68) a prime number?
True
Let c(v) = -24*v - 44 + 123 + 19*v - 14*v - 33*v. Is c(-27) prime?
True
Suppose -2*x = 3*r + 12, 5*x = -3*r + 7*r - 30. Is (5 - 2) + x + (-3 - -10039) prime?
False
Let c be (1/3 + 2394/27)*16. Let w = 569 + c. Is w a prime number?
True
Let o be -2045*((-240)/25)/8. Suppose z + 3*z = 20, -t = -z - o. Is t composite?
False
Let x(k) = -k**2 + 11*k + 13. Let l be x(12). Suppose 4*r + 15 + l = 0, s = 5*r + 23. Is (-1)/((-6)/3)*3462/s a prime number?
True
Let k(i) = 2433*i - 75. Is k(14) a composite number?
True
Let d be (1 - 3)*(-127539)/18. Suppose d = 10*c - 4309. Is (2 - c/(-4)) + (6 - 3) a composite number?
False
Suppose -1277443 = 431*u - 454*u. Is u a prime number?
True
Let q(s) = -6*s**2 + 2. Let o be q(-2). Let l = o + -3. Let k = l - -140. Is k composite?
True
Let z = -147 + 142. Let s(w) = 187*w**2 - 72*w + 4. Is s(z) composite?
False
Let l be -1*(-3 - 24/(-8)). Suppose 6*o - 4*o - 11578 = l. Is o prime?
False
Suppose 0 = 3*w + 3, -2*k - 3*w + 17 = -k. Is 4604/(-10)*k/(-8) composite?
False
Let b = -9346 - -19149. Is b a composite number?
False
Suppose -29*w + 393408 = -331621. Is w composite?
True
Let y(x) = 2908*x**3 - 2*x - 8489*x**3 + 1 + x**2 - 4. Is y(-1) composite?
False
Suppose -250006442 + 77317379 = -65*j - 84*j. Is j prime?
False
Let a(t) = 2*t**3 - 10*t**2 + 26*t + 15. Let k be (8/(-4) + -5)/(5/(-10)). Is a(k) a composite number?
False
Let q be 4/(-14) - (-630)/147. Suppose q*s + 8*i - 16879 = 5*i, 4*i = 4. Is s a prime number?
True
Let v(t) = -3*t**3 - 154*t**2 + 8*t + 187. Is v(-60) prime?
True
Let j = 5910 + 28229. Suppose -h - 4*y + 2*y + 11369 = 0, 0 = -3*h + 2*y + j. Is h a composite number?
True
Let n be (-5 + -3)/8*-1*15. Suppose -48*h + n = -45*h. Suppose h*g + 5*g - 16510 = 0. Is g a composite number?
True
Suppose 14*t - 20*t - 43626 = 0. Is 1/((-2)/(t + 1)) prime?
False
Let s = -29 + 28. Let c be s/(-2)*0 + 92 + -1. Let u = -12 + c. Is u a composite number?
False
Suppose 4814 - 824 = v + 4*x, 3*x - 9 = 0. Let t = -2560 + v. Is t a composite number?
True
Suppose -49 = -t - 5*y, 3*t - 48 = -4*y + 66. Let k = t - 30. Suppose 2700 = 4*w - 4*s, -5*s + 970 = k*w - 1748. Is w prime?
True
Let j be (-13)/2*24/(-4). Suppose -j*t = -40*t + 13553. Is t prime?
True
Suppose a - 3*n + 20 = -1, -2*a - 4*n = -8. Let z(u) be the third derivative of -u**6/10 + u**5/10 + 13*u**4/24 - 3*u**3/2 - 980*u**2. Is z(a) a prime number?
False
Let d be 0 - (-2 - -3) - (1287 + -26). Let g = 4925 - d. Is g prime?
False
Let y(p) = -40*p**3 + 9*p**2 - 7*p + 1. Let q(z) = -81*z**3 + 18*z**2 - 13*z + 4. Let u(x) = 2*q(x) - 5*y(x). Is u(5) a composite number?
True
Let f be (-35)/(-14)*(-4)/(-10). Is f - 782*(-6)/4 a prime number?
False
Is (-5 - -3)*837994*117/(-156) composite?
True
Let p(g) = 2*g + 54. Let c be p(-26). Is -2 - (0 + c) - 76878/(-18) prime?
False
Is 1345550 - (1/(-2))/(-11 + 930/84) composite?
True
Suppose 4*k - v = 575767, 5*k + 2*v - 719699 = -0*v. Is k prime?
False
Let h be ((225340/(-12))/(-5))/(7/21). Let r = h - 2724. Is r a composite number?
False
Let a(u) = 4*u - 18. Let f be a(3). Let k(o) = -2*o**3 + 8*o**2 + 13*o + 5. Is k(f) a composite number?
False
Let x(n) = n**3 - 9*n**2 - 16*n + 6. Let i be x(11). Suppose 0 = 77*l - i*l + 4710. Let h = l - -1711. Is h a prime number?
True
Let x = -21 - -19. Let i be (1/(-3))/(x/22482). Suppose -k = -4*k + i. Is k prime?
True
Let g(f) = 16808*f - 9467. Is g(15) a prime number?
False
Let d = -69 + 73. Suppose -d*a - 14866 = -8*a - 2*p, p = a - 3712. Is a prime?
False
Let z(f) = 118*f**3 + 12*f**2 - 66*f + 413. Is z(9) composite?
False
Let y(c) be the third derivative of -299*c**7/2520 - 7*c**6/720 - c**5/20 - 9*c**2. Let x(b) be the third derivative of y(b). Is x(-2) composite?
True
Let t = -21308 + 41275. Is t a composite number?
True
Let q(u) = -155*u**2 - 174*u**2 + 7*u + 48 + 419*u**2. Is q(5) a composite number?
False
Let s = -444 + 110. Let w = 511 + s. Is w a composite number?
True
Let o(h) = h**3 - 3*h**2 - 6*h + 1. Let a be o(5). Is (22 - a)/((-3)/(-14109)) a composite number?
False
Suppose 11*j = -2*j + 261612. Suppose -f + x = -5023, j = 3*f + f + 4*x. Is f a prime number?
False
Suppose -45*f + 474039 = -42*f - 5*a, -5*a = 30. Is f composite?
False
Suppose 0 = -4*i + 4*n + 28, -i + 4*i = 4*n + 24. Let j be i/(-6)*-275 + (-2)/6. Suppose -936 = -5*k + 2*h - 3*h, k - 4*h - j = 0. Is k a prime number?
False
Suppose 12523*c = 12533*c - 56230. Is c composite?
False
Suppose -2*g + 2*c = -61700, -26479 = -3*g + 5*c + 66079. Suppose t - 5*z = 15411, 2*z = 2*t - 4*t + g. Is t prime?
False
Let t(c) = 7*c**3 + 57*c**2 - 61*c + 14. Let r(n) = -3*n**3 - 28*n**2 + 31*n - 7. Let j(o) = -5*r(o) - 2*t(o). Is j(-22) prime?
False
Suppose -58*n - 129 = -477. Suppose n*b - 28*b = -158114. Is b composite?
False
Suppose 98*j - 102*j + 988807 = 3*d, 4*d + 247235 = j. Is j a prime number?
False
Suppose 32526711 = 318*d - 129*d. Is d a composite number?
True
Let l = -125 + -628. Let j = 116 - l. Is j a prime number?
False
Let k = 30660 + -10105. Is k composite?
True
Suppose -2*j + 36416 = 14*q - 9*q, 5*j = -5*q + 36425. Suppose 9*d - q = -13*d. Is d a prime number?
True
Let b(q) = -3*q**3 + 35*q**2 + 11*q + 15. Let a be b(12). Suppose 0 = -a*v + 30548 + 1363. Is v composite?
True
Let u = 306326 + -146125. Is u composite?
False
Suppose 2*t = -3*u + 85 + 776, 3*u - 9 = 0. Suppose 13*h - 8*h - t = -2*b, -b = -5*h - 243. Is b a composite number?
False
Let u = 31 - 29. Suppose u*g = 2934 - 1156. Is g prime?
False
Suppose 144 = -7*g + 11*g. Let z = g + -28. Is (-1 - 18/(-24)) + 10026/z prime?
False
Let u be (2/(-12))/1 + 1083/342. Suppose u*j = -4*p + 2259, -3*p - 3794 = -5*j - 0*p. Is j composite?
False
Let u = -1776305 + 3435832. Is u a prime number?
True
Let r = -633 - -1162. Suppose 4*m + 5*y + 572 = 0, -m + 264 = -3*m + 3*y. Let q = r + m. Is q prime?
False
Suppose 218*x - 12955101 = 13*x + 8324104. Is x a prime number?
True
Let i(m) = m**3 + 18*m**2 + 16*m - 2. Let l be i(-17). Suppose -666 = -2*y - 3*y - 2*d, 0 = -5*d + l. Let s = y - -2117. Is s composite?
True
Suppose 40 = 2*n - 0*q - 3*q, -8 = 4*q. Suppose -4*k + 6*x = 4*x - 64, k = x + n. Suppose -25337 = 2*i - k*i. Is i a composite number?
False
Suppose -7*b + 6*b = -303. Is b*(0 + 2)*15/30 a prime number?
False
Suppose 18*b = 24*b - 129918. Suppose -3*h + b = -2*h + 3*v, -2 = -v. Is h a composite number?
False
Let g(i) = 659*i**3 + 194*i**2 - 1765*i - 17. Is g(9) a composite number?
True
Let x(o) = -16*o - 45. Let u be x(-3). Suppose u*m - 86667 = -3*h, -2*h - 5*m + 57778 = -0*h. Is h composite?
True
Suppose -100*n = -93*n - 214375. Suppose -5*k - 5*w = -n, -w = -k - 3*w + 6128. Is k a composite number?
True
Let q be -6*(-1 - 58933/(-21)). Is q/96*(-42)/4 prime?
False
Let a(c) = 4*c**3 + c**2. Suppose 23 = 3*v - 5*j, -5*j - 12 = 4*v + 4. Let k be a(v). Suppose 0 = -k*h - 9129 + 23564. Is h a composite number?
False
Is 4/(-12) + (1 - (-524451)/9) + -2 a composite number?
False
Suppose -2 = -2*p - 2*f, 2*p - 2*f = -2*p - 2. Let i be (-1)/(5 + -4 + p). Let b(z) = -750*z**3 + z**2 - z - 1. Is b(i) composite?
False
Let n = -7878 - -70219. Is n a composite number?
True
Suppose 33*q + 1061467 = 34*q - 4*y, 3*q - 3184437 = 3*y. Is q a prime number?
True
Suppose 0 = 4*w + 5*v - 102328, -282*w + 287*w = -5*v + 127905. Is w a prime number?
True
Let m be 1*(3 + 16368)/3. Suppose -m - 1092 = -3*g. Is g a prime number?
False
Let i(f) = -f**2 - 14*f - 22. Suppose -21*j + 27*j + 78 = 0. Let r be i(j). Is -5 - -38*(-3 - r) prime?
True
Is 90/240 + (-77199463)/(-88) composite?
False
Let l(c) = 229*c - 105. Let n be l(9). Let q = n + -857. Is q a prime number?
False
Let i be 4/(-6) + -11 + 330/9. Suppose i*x = 14595 + 42080. Is x a prime number?
True
Suppose -9*l + 2*l + 25817